s**2 - 8*s - 8. Let t be l(-6). Calculate w(t).
0
Let p(y) = y**3 + 5*y**2 + 2*y + 4. Suppose 0 = -5*f + 2*s - 17 - 0, 5*f + s = -29. What is p(f)?
-6
Let q(v) be the second derivative of v**5/20 - v**3/6 + 7*v**2/2 + 8*v. What is q(0)?
7
Let l(c) = c**3 - 7*c**2 - 8*c + 2. Let k be l(8). Let h(r) = -2 + 3*r - 1 + 5. Calculate h(k).
8
Suppose 5*w - 2*w = 18. Let z(a) = -3*a**3 - 5*a - w*a**2 - 6 + 2*a**3 + 0*a. Let g be (2 + -1)/(2/(-10)). What is z(g)?
-6
Let c(k) = -3*k**2 - 2*k. Suppose -18 + 8 = -5*o. Let g(t) = 2*t - 5*t - 2*t**o + 2*t. Let b(m) = 2*c(m) - 5*g(m). Calculate b(-1).
3
Let v(t) = t**2 - 5*t + 2. Let g(b) = -b**3 - 2 - 4*b**2 + 2*b**3 - 2*b**2 + 5*b. Let k be g(5). Let o = k + 6. What is v(o)?
-2
Let m(d) = d**3 + d**2 + d - 6. Let q be m(0). Let n(l) = 2*l - 7. Let w(j) = 3*j - 8. Let y(b) = q*w(b) + 7*n(b). Determine y(2).
-9
Let l(g) be the first derivative of g**4/4 + 4*g**3/3 - 3*g**2/2 + 7*g - 2. Let m(t) = t**3 - 7*t**2 - 2*t + 9. Let v be m(7). Determine l(v).
-3
Suppose m + 4 = 2*m. Let i(l) = -l + 3. Give i(m).
-1
Let a(m) be the second derivative of m**4/12 - 2*m**3/3 - 5*m**2/2 - 4*m. Give a(4).
-5
Let n = -26 - -41. Suppose 3 - n = -3*f. Let x(m) be the second derivative of -m**3/3 + 2*m**2 - m. Calculate x(f).
-4
Let j(z) = 2*z - 6. Suppose -q + 2*q + 15 = 3*a, a = -4*q + 18. Let o be j(a). Let k(b) = -b**2 + 4*b + 8. Determine k(o).
-4
Let u(w) = -w**2 + 7*w + 5. Let l(i) be the third derivative of -i**5/20 + 7*i**4/12 + 11*i**3/6 + 6*i**2. Let q(s) = 2*l(s) - 5*u(s). Calculate q(-5).
7
Let y(f) = -f**3 - 4*f**2 - f + 3. Suppose 6*w = 11*w. Suppose -2*o - 6 = -w*o. What is y(o)?
-3
Let r(k) be the second derivative of -k**6/720 - k**5/15 - k**4/4 + 2*k. Let w(u) be the third derivative of r(u). Determine w(-6).
-2
Let r = 365 + -360. Let t(a) = 2*a - 1. Let y(s) = -3*s + 2. Let p(m) = -5*t(m) - 3*y(m). Calculate p(r).
-6
Let m(w) = -w**2 + 4*w - 4. Let p(n) = -2*n - 1. Let j be p(-2). Calculate m(j).
-1
Let y(n) be the third derivative of -11*n**4/24 - 36*n**2. Let w be ((-2)/(-3))/((-2)/(-3)). Calculate y(w).
-11
Let a be (-2 - 2) + 2 - 5. Let i(u) = u**3 + 8*u**2 + 9*u + 10. What is i(a)?
-4
Let c(x) = x**3 - x**2 + 2*x + 1. Let w(q) = -q**2. Let p(u) = c(u) + 2*w(u). Determine p(3).
7
Let r(s) be the second derivative of s**6/360 - s**5/30 - 5*s**4/24 - s**3/3 + 2*s. Let d(z) be the second derivative of r(z). Let y = 10 - 5. What is d(y)?
0
Let h = -10 - -5. Let t(q) = -7*q + q + q**2 + 9*q - 4 + 0*q. Determine t(h).
6
Let d be 248/(-48) - 1/(-6). Let o(y) = 4*y - 5. Let u(a) = -a + 1. Let m(h) = d*u(h) - o(h). Suppose 1 = -5*n + 6. Determine m(n).
1
Let y(q) = 2 - 3 + 1 - 2*q**2. What is y(-1)?
-2
Let z(k) be the third derivative of 0 + 0*k**3 + 1/24*k**4 + 0*k + k**2 - 1/60*k**5. Give z(1).
0
Let v(n) = -n**2 - 3*n + 3. Let l(a) be the third derivative of a**6/120 + a**5/10 + a**3/2 + a**2. Let r be l(-6). Suppose r*b - 3 = 3. Give v(b).
-7
Let j(c) = c**3 + c**2 + 2*c + 1. Let y be 5 - 3 - 4 - 0. Calculate j(y).
-7
Let m(y) be the third derivative of y**7/2520 - y**6/144 + y**5/60 + 2*y**2. Let d(s) be the third derivative of m(s). Give d(5).
5
Suppose -3*d - 2*y = 1, -3*y - 10 = 5. Let w(f) = f - 3*f + 0*f + d*f. Let n = 1 - 1. What is w(n)?
0
Let h(k) = -k + 6. Let g be 1*-14*(-2)/7. Give h(g).
2
Suppose 3*f + 2*d + 11 = 3*d, -4*d = -f. Let t(a) be the third derivative of 0 - a**3 + 0*a - 1/12*a**4 - 2*a**2. Calculate t(f).
2
Let x(o) = -4*o - 2. Let u(m) = -m + 2. Let a(v) = v - 3. Let w(n) = 3*a(n) + 4*u(n). Let c(j) = -3*w(j) + x(j). Calculate c(1).
0
Let p(o) = -3*o**2 - 4*o - 3. Let y = 36 - 20. Let t = -18 + y. Calculate p(t).
-7
Let h(w) be the first derivative of 1 - 5/3*w**3 + 2*w**2 - 4*w + 1/4*w**4. Let v be -7*((-11)/(-7) + -2). Calculate h(v).
-10
Let m be 15/9 - 1/(-3). Let s(r) be the third derivative of -r**6/120 + r**4/6 - r**3/2 + 7*r**2. Calculate s(m).
-3
Let t(m) = -8*m - 3. Let s(q) = -3*q - 1. Let p(u) = -7*s(u) + 2*t(u). Let b be (-5)/(-10)*(-1 - 1). What is p(b)?
-4
Let s(c) = -4*c**2 - c. Let b(d) = 17*d**2 + 3*d + 1. Let a(g) = 2*b(g) + 9*s(g). Let m = 5 + -8. What is a(m)?
-7
Let m(x) be the third derivative of -x**4/24 + x**3 - 3*x**2 - x. Calculate m(-7).
13
Let l(n) = -n**3 - n**2 + n + 6. Let d be (-2)/6 - 258/(-18). Let f be (-2)/(-7) + (-4)/d. Let u(y) = -y**3 - y**2 + y. Let t be u(f). Determine l(t).
6
Let l be 14/4 + 1/2. Let t(p) = -2*p**3 - 4*p**2 - p - 7. Let o be (-31)/11 + 8/(-44). Let u(j) = j**3 + 4*j**2 + 6. Let h(m) = o*u(m) - 2*t(m). Determine h(l).
4
Let c be ((-8)/6)/((-2)/138). Let u be c/20 + (-2)/(-5). Suppose -u = -p - 0. Let v(h) = -h**3 + 4*h**2 + 3*h + 5. Determine v(p).
-5
Let b(x) be the third derivative of x**6/120 + x**5/15 - 5*x**4/24 + 2*x**3/3 - 3*x**2. What is b(-5)?
4
Let h be (-1 - -3)*(-1)/2. Suppose 3*z - 2 = 2*x, 5*z + 4*x - 2 - 16 = 0. Let a(l) = 5*l + 1 - 3*l**z + 8*l**2 - 3*l. Calculate a(h).
4
Let a(s) = -2*s - 2. Let b be -5*1/3 - (-2)/(-6). Give a(b).
2
Let c(r) be the second derivative of r**4/12 - r**3 + 3*r**2 + 2*r. Calculate c(5).
1
Let h be (-8)/(-20) + (-9)/(-15). Let z be h/4 + (-15)/(-4). Let g(p) = p**2 - 2*p. Give g(z).
8
Let n(s) be the second derivative of s**3/6 - 9*s**2/2 - 2*s. Suppose 4*d + q - 26 = d, -2*q - 11 = -3*d. Suppose d*m = 3*m. Give n(m).
-9
Let r(h) = h**2 + 4*h - 5. Suppose 0 = -4*s + 1 + 3. Let z(a) = 1 - a - 5 - 3 + s. Let t be z(0). Calculate r(t).
7
Let w(t) = t**2 + 7*t + 1. Let o be w(-7). Let f(q) = -o + 0 - 2*q + 2. Let s = 3 - 5. Determine f(s).
5
Let u(q) = 3*q**2 - 8*q + 7. Let f(k) = 7*k**2 - 16*k + 15. Let a(w) = -2*f(w) + 5*u(w). Suppose 20 = -x + 5*n, 0 = -18*x + 15*x - 2*n + 25. Calculate a(x).
-10
Let p(s) = -s**2 - s - 1. Let d(b) be the first derivative of 2*b**3/3 + 2*b**2 + 3*b + 1. Let g be d(-2). Let n = g + -3. What is p(n)?
-1
Let w be -3*6/(-4)*8/12. Let v(g) = -4*g - 2. Calculate v(w).
-14
Let f(b) = b**3 + 5*b**2 + 2*b + 2. Suppose -3*m = -0*m + 27. Let y = 4 + m. What is f(y)?
-8
Let q(m) = m**3 + 4*m**2 - 5*m + 3. Suppose r - 15 = -4*r. Suppose -2*j + r*j = -5. Calculate q(j).
3
Let b(k) = -k**3 + 5*k**2 - 3*k - 1. Let u be 5/(0 + 2/2). Let o = -1 + u. Give b(o).
3
Let u(v) be the first derivative of v**6/72 + v**5/60 + v**4/24 + 2*v**3/3 - 1. Let w(i) be the third derivative of u(i). Determine w(-1).
4
Let l(v) = 3*v - 8. Let w(j) = 4*j - 9. Let c(z) = -3*l(z) + 2*w(z). Let o be (2 - -2)*(0 - -1). Suppose 0 = -0*r + o*r. Determine c(r).
6
Let i be 92/22 - (-4)/(-22). Let n(v) = -8*v - 2. Let f(d) = -7*d - 1. Let q(s) = 7*f(s) - 6*n(s). What is q(i)?
1
Let h be -2*(2 + (-45)/6 - -4). Let c(u) = -u**2 + 2*u + 3. What is c(h)?
0
Suppose 2*k + 15 = 5*k. Let t(y) = y**3 - 6*y**2 + 5*y - 6. Give t(k).
-6
Let a be ((-6)/(-5))/((6/(-5))/(-3)). Let h(o) = -2*o + 1 - 3*o**2 - 2 + o**3 + 4*o. What is h(a)?
5
Let x(z) = -z**3 - 2*z**2 + 3*z + 4. Let c be x(-3). Let y be ((-2)/c)/((-3)/6). Let v(q) = -y - 2 - 8 - q. Calculate v(-5).
-6
Suppose 8*c + 57 = -11*c. Let w = 0 + -1. Let u(x) = -6*x**2 - 8*x - 7. Let n(s) = s**2 + s + 1. Let r(i) = w*u(i) - 4*n(i). Determine r(c).
9
Suppose y + 8 = -4*c + 3*y, 0 = -3*y + 12. Let v(w) = -w - 7. Calculate v(c).
-7
Let h(j) = -j**3 + 5*j**2 - 5*j + 3. Let r be (4/(-6))/(22/(-18) - -1). Calculate h(r).
6
Let u(g) = g**2 - 5*g + 2. Let x(l) = l**3 + 10*l**2 + 2*l + 22. Let a be x(-10). Determine u(a).
-4
Let m(g) be the third derivative of -g**4/12 - 7*g**3/6 + 30*g**2. Let q be 9/(-2)*12/9. Calculate m(q).
5
Let a(k) = -3*k - 2. Let i(l) = -4*l - 1. Let m(n) = -5*a(n) + 4*i(n). Calculate m(0).
6
Let t(k) be the third derivative of -k**4/12 - k**3/2 + k**2. Let v be (1 + (-3)/(-1))*-1. Let l be ((-6)/(-4))/(2/v). What is t(l)?
3
Let b(x) = -x - 4 - 1 - 2*x + 4 - 2*x**2. Let k(r) = 2*r + 2. Let h(p) = -p - 8. Let g be h(-6). Let u be k(g). Determine b(u).
-3
Suppose -2*w - w - s = -33, -5*w + s + 63 = 0. Let p(t) = 5*t - 2*t + w - 4*t. Give p(0).
12
Let t(k) = -2*k. Suppose 2*v - 9 + 11 = 0. Calculate t(v).
2
Let w(x) = -x**2 + 7*x + 2. Let v be w(7). Let d(s) = -s**2 + 2 + 2*s**2 + 0*s**v - 2*s - s**3. Calculate d(2).
-6
Let t be 14*-2*(-2)/4. Suppose 5*v + 4*w - t = 2*v, 4*v - 5*w = -2. Let f(y) = 2*y**v + 1 - y**3 - y**2 - 4*y**2. Give f